w**5/15 - w**3 - 18*w. Let p(n) be the second derivative of g(n). What is p(-8)?
0
Let j(a) be the first derivative of a**4/4 - 3*a**3 - 3*a**2 + a + 826. Determine j(9).
-53
Let s(b) = -b**3 - 9*b**2 - 66*b + 10. Let i(f) = f**3 + 8*f**2 + 46*f - 8. Let p(j) = -3*i(j) - 2*s(j). Give p(-5).
9
Let a = -1 - -6. Suppose -78*h - 170 = -112*h. Suppose 0 = a*j - h*q - 45, -j - 5*q = 4*j - 25. Let f(t) = -t**3 + 7*t**2 - t + 8. What is f(j)?
1
Suppose 2*t = -3*t + 15. Let m(j) = j**3 + 31*j**2 + 55*j - 85. Let x be m(-29). Let o(w) = -t - 6 + 8 - 7*w + w**x. Determine o(7).
-1
Let a(g) be the second derivative of g**4/12 - 5*g**3/6 - 6*g**2 - 148*g + 3. Let k be (-100)/(-8)*(-8)/(-10). Give a(k).
38
Let u(t) = 3*t**2 + 6*t - 2. Let z(c) = 6*c**2 + 11*c - 3. Let a(l) = 11*u(l) - 6*z(l). Let j be 1/4 + 242/88. Determine a(j).
-31
Let n(c) be the first derivative of -c**5/20 + 5*c**4/12 + c**3/6 + c**2 + 31*c - 40. Let u(v) be the first derivative of n(v). Give u(5).
7
Let d(c) be the third derivative of c**4/3 - 67*c**3/6 + 164*c**2. Determine d(8).
-3
Let o be -6 - -3 - (45 - (-3 + 6)). Let q = o - -46. Let d(h) = 2*h**2 - 7*h + 7. Let i(p) = p**2 - p + 1. Let w(c) = q*d(c) - i(c). Calculate w(6).
6
Let d(l) be the first derivative of l**3/3 - 3*l**2 + 3*l + 3. Let y be (-8 - -15) + -19 - -14. What is d(y)?
-5
Let k(x) = -63*x - 15. Let v be (3 + -15 + -2)/(21/(-6)) + -4. Calculate k(v).
-15
Let b(w) = w**2 + 10*w + 11. Let y = -32 + 51. Let c = y - 27. Determine b(c).
-5
Let q(w) = -w**3 + 3*w**2 + 4*w - 5. Let k be q(5). Let a(x) = x**3 + 34*x**2 - 36*x - 34. Let t be a(k). Let n(v) = 10*v + 2. What is n(t)?
12
Suppose 15 = 5*f - p, 3*p - 22 + 7 = 0. Let v be 4*(-5)/(-40) - (-10)/f. Let n(y) = -6*y + 1. What is n(v)?
-17
Let y(t) be the second derivative of -t**4/3 - 2*t**3/3 - t**2/2 - 632*t. Let b(a) = a**3 - 7*a**2 + 7*a - 9. Let l be b(6). Determine y(l).
-25
Suppose -33 = -68*w + 57*w. Let h(j) = -7762 + 3*j**2 - 12*j + 6*j**2 + 3*j**w + 7749 - 2*j**3. Let c be 3*((-32)/6 - -2). What is h(c)?
7
Suppose -39698*l = -39693*l - 10. Let c(u) = -25*u + 34. Give c(l).
-16
Let n be (-15)/(-2)*78/390*4. Let c(a) be the third derivative of 0 + 0*a + 9*a**2 - 1/120*a**n - 1/12*a**4 + 1/20*a**5 + 5/6*a**3. Calculate c(4).
-19
Let v(c) = -3*c**2 - 8*c - 1 - 5 + 9 + c**2 + c**2. Let o be 1/(((-12)/(-44))/3). Suppose 27 = -2*y + o. What is v(y)?
3
Let x(f) be the second derivative of f**8/6720 + f**7/630 + f**6/240 + f**5/60 + 73*f**4/12 + 8*f. Let u(o) be the third derivative of x(o). Give u(-3).
2
Let o(w) = w**3 + 17*w**2 + 18*w + 23. Suppose 0 = -45*y + 46*y + 18. Let q be (y/(-54) + 47/3)/(-1). Determine o(q).
-9
Let o = -82 - -86. Let r(v) = -2*v**2 + 8*v. Let q be r(o). Suppose q = w - 9 + 12. Let y(t) = t - 4. Calculate y(w).
-7
Let n(o) = o**3 + o - 3. Let i(c) = c**3 + c**2 + c - 1. Let x(k) = 9 + 6*k + 3*k**3 - 4 - 7 + 3*k**2. Let r(g) = 4*i(g) - x(g). Let s be r(-1). Calculate n(s).
-3
Let j(t) = 4*t**3 + 54*t**2 - 53*t - 6. Let c(p) = -2*p**3 - 25*p**2 + 25*p + 3. Let h(z) = 13*c(z) + 6*j(z). Give h(2).
-3
Let s(n) = 4*n**3 - 62*n**2 + 9*n + 95. Let b(d) = -d**3 + 15*d**2 - 2*d - 23. Let y(j) = 25*b(j) + 6*s(j). What is y(3)?
7
Let v be 375/(-27) - ((-990)/(-162) + -7). Let n(p) = p**3 + 15*p**2 + 23*p - 37. What is n(v)?
2
Let s(y) be the second derivative of y**5/20 + 11*y**4/12 - 5*y**3/6 - 27*y**2/2 + 71*y - 10. Calculate s(-11).
28
Let b(w) be the third derivative of -13*w**4/6 + 3*w**3/2 + 4*w**2. Let d(o) = 13*o - 2. Let i(s) = 2*b(s) + 9*d(s). Let r be -1*3*(-111)/333. Give i(r).
13
Let w(v) = 4*v - 37. Let t be w(13). Let n be t*(0 + (-10)/(-25)). Let p(k) = -k + 2 + 3 + 0*k. What is p(n)?
-1
Let s(l) = -l + 17. Suppose 18*n + 8*n = 83*n - 399. What is s(n)?
10
Let t(c) = -6*c + 4080. Let d(q) = -3*q + 1904. Let k(j) = -15*d(j) + 7*t(j). Let i be (-1)/1*1*3. What is k(i)?
-9
Suppose 10*b + 62 + 48 = 0. Let q be (96/5)/(b/(-55)). Suppose -15*u - q = -3*u. Let l(c) = -c**3 - 9*c**2 - 9*c - 6. Determine l(u).
2
Let x be 4/2 - (-4)/2. Let v(a) = 4*a**2 + a - 241. Let s be v(-36). Let q(l) = -s*l + 9821*l - 4913*l. What is q(x)?
4
Let l(g) be the third derivative of -7*g**4/6 + 193*g**3/3 + 2196*g**2. Determine l(14).
-6
Let b = 46 - 11. Let x(q) = 36*q**3 - 7*q**2 + 3 - b*q**3 + 2*q**2 - 1. Suppose 0 = 14*m + 3*m - 85. Determine x(m).
2
Let d(w) = 2*w**3 - 9*w**2 + 18*w + 13. Let b(a) = -a**3 + 9*a**2 - 15*a - 12. Let l(p) = 5*b(p) + 4*d(p). Calculate l(-4).
-44
Let v(z) = -z**2 - 7*z + 12. Let c = 13 + -10. Let b = 6 - c. Suppose -36 = b*l - 9. Give v(l).
-6
Let c(p) = -p**3 - 8*p**2 - 9. Let b(k) = 3*k + 19. Let f(d) = -d**3 + 3*d**2 - 2*d - 3. Let j be f(3). Let i be b(j). What is c(i)?
-9
Let i = 2929 + -2927. Let y(o) = o**3 - o**2 - o - 1. Let l(a) = 7*a**3 - 7*a**2 - 7*a - 5. Let t(w) = -l(w) + 5*y(w). What is t(i)?
-4
Let v = -12354 - -12361. Let l(u) = 2*u**2 - 6*u - 21. Determine l(v).
35
Suppose 47*c = 53*c - 12. Suppose 0 = -c*z + 41 - 35. Suppose -z = -n, -2*n - 5 = -3*g - 26. Let h(d) = -d**3 - 5*d**2 + 4*d + 1. Determine h(g).
-19
Let p(s) = s**3 - 6*s**2 + 5*s - 5. Suppose 30 = 2*b - 4*h, -5*b + 2*h + 3*h + 55 = 0. Suppose 0 = 3*c - 19 + b. Determine p(c).
-17
Let u(f) = 4*f**3 + 6*f**2 + 11*f. Let c be 10/10 - (-1)/1. Let s(x) = 1 + 11*x**2 - 23*x**c - 3*x**3 - 10*x + 5*x**2. Let a(h) = -3*s(h) - 2*u(h). Give a(-8).
-3
Let f(v) = 12*v**3 - 5*v**2 + 6*v - 2. Let o be f(2). Let u = 179 - o. Let p be 2/((-10)/(-43)) - u/155. Let m(z) = -z + 5. What is m(p)?
-3
Suppose 5*s + 3*h - 2 = 0, -486*h + 481*h - 22 = 2*s. Let r(x) = 1 - 5 + 3*x + 2. Determine r(s).
10
Let k(i) = -2*i - 66. Let g be k(6). Let r = g - -80. Let h(x) = -4*x**3 + 4*x**r + 0*x**3 + 3*x**3 - 2*x + 1. Determine h(3).
4
Let p(r) = 1 - 12 + 117*r - 226*r + 0 + 119*r. Give p(2).
9
Let u(n) be the first derivative of -n**4/4 - 4*n**3 + 25*n**2/2 - 43*n - 2987. Calculate u(-14).
-1
Let b(a) = 6*a + 2. Suppose 0 = 272*z + 92*z + 3645 + 1087. Give b(z).
-76
Let t(m) = 3*m + 171. Let o(b) = -7*b - 384. Let a(w) = 4*o(w) + 9*t(w). Let u(q) = 6*q**2 + q. Let g be u(1). Give a(g).
-4
Let u = -82 + 84. Let h be ((-8)/(-10))/u*10. Let q(x) = x - 9. Determine q(h).
-5
Let y be 0*(-2)/4 - -1. Suppose 4*w - 22 = -7*w. Let c(a) = 13 - 3*a**w - 7 - 7 - 5*a**2. Calculate c(y).
-9
Suppose 0 = -3*h, 5*o - 10*h = -5*h. Let m(t) be the first derivative of -t**4/4 + t**2/2 - 2*t - 6. What is m(o)?
-2
Let s(u) = 5*u**2 - 42*u + 80. Let j be s(2). Suppose 12*p - 16 = j*p. Let a(i) = 5*i - 7. What is a(p)?
-27
Let z(l) be the third derivative of l**5/30 - l**3/6 + 197*l**2 + 2*l. Let t be (3 - (-2 + 2))*-1. Give z(t).
17
Let l = -371 + 221. Let r = -146 - l. Let d(q) = -q**3 + 3*q**2 + 6*q - 2. Determine d(r).
6
Let a be 3/2 - (-440)/(-80). Let w(o) = 10*o**2 - o + 2. Let i(u) = -12*u**2 + u - 3. Let j(q) = a*i(q) - 5*w(q). Determine j(2).
-4
Let t(a) = 7*a - 248. Let b(r) = 18*r - 989. Let v(y) = 4*b(y) - 15*t(y). Calculate v(-7).
-5
Let j(g) = g - 20. Let n be j(-26). Let c = 46 + n. Let s(b) = -b + 16. Calculate s(c).
16
Let r(t) = -19 + 3*t - t**2 + 65674*t**3 - 12 + 23 - 65671*t**3. Give r(2).
18
Let u(b) = b**2 + 26. Let p be (4 - 130/25)*(-3175)/10. Let g = p - 381. Give u(g).
26
Suppose -5*b = -4*b + 10. Let i(g) be the first derivative of g**3/3 + 6*g**2 + 14*g - 2284. Give i(b).
-6
Let f(l) = -4*l**3 - l - 1. Suppose 5*u - 3*h = 95, -6*u + 63 = -2*u - 5*h. Let t be (-8)/(-44) - (-84)/u. Suppose t*p - 91 = -95. Give f(p).
4
Let v(s) = 4*s**2 - 8*s - 5. Let w(a) = 6*a**2 - 10*a - 8. Let l(n) = 7*v(n) - 5*w(n). Give l(5).
-75
Let s(t) be the first derivative of -13*t**3 + 81*t**2/2 - 3*t + 6228. Determine s(2).
3
Let w = 2 - -4. Let b be (35 + -34)/((-3)/(-30)). Let v(m) = b + 16 + 4*m**2 + w*m - 3*m**2 - 22. Determine v(-4).
-4
Let z = -1523 + 1547. Let x(q) = -q**3 + 25*q**2 - 28*q + 94. Calculate x(z).
-2
Let m(k) be the first derivative of -k**2 - 47*k + 23. Let i be m(-21). Let l(y) = -2*y + 6. Calculate l(i).
16
Let q(r) be the first derivative of r**4/4 + 5*r**3/3 + 2*r**2 - r - 1220. What is q(-3)?
5
Suppose -k - 12 + 21 = 0. Suppose -5*l - 12 = -k*l. Let w(v) = v**2 - l*v**2 + 5*v - 5*v. Calculate w(-2).
-8
Let j = 1 + 2. Let c(i) = 5*i + 3 + i - j*i. Suppose -31*v +